{"id":71,"date":"2022-07-06T10:25:40","date_gmt":"2022-07-06T10:25:40","guid":{"rendered":"https:\/\/salaovi.net\/horses\/?page_id=71"},"modified":"2025-03-30T17:15:33","modified_gmt":"2025-03-30T17:15:33","slug":"luso-masquerade","status":"publish","type":"page","link":"https:\/\/salaovi.net\/horses\/hevoset\/luso-masquerade\/","title":{"rendered":"Lus\u00f6 Masquerade"},"content":{"rendered":"\n\n\n\n\n\n\n\n<h2>Lus\u00f6 Masquerade<\/h2>\n\n<p style=\"text-align: center; color: rgb(187, 187, 187);\">virtuaalihevonen<\/p>\n<h4>Masi<\/h4>\n<p style=\"text-align: center;\">\ns. 01.06.2022, 3-vuotias<br>\nsuomalainen puoliverinen<br>\nori<br>\n167cm, rautias<\/p>\n<p\u00a0style=\"text-align: center;\"=\"\"><br>\n<\/p\u00a0style=\"text-align:>\n\n\n\n\n\n\n\n\n\n<p>Masi on luonteeltaan rohkea ja utelias varsa, jonka lempi puuhaa on seikkailla ja telmi\u00e4 laitumella muiden nuorten kanssa. Se on luonteeltaan hyvin sosiaalinen, eik\u00e4 viihdy kovinkaan hyvin yksin. Ihmisiin se suhtautuu hyvin ennakkoluulottomasti, mutta saattaa joskus innostua testaamaan rajojaan. Niinp\u00e4 Masin kanssa t\u00e4ytyykin olla j\u00e4m\u00e4kk\u00e4, mutta samalla huumorintajuinen<\/p>\n<p>Masin ratsukoulutus ei ole viel\u00e4 alkanut, vaan t\u00e4ll\u00e4 hetkell\u00e4 orin kanssa keskityt\u00e4\u00e4n totuttelemaan perusk\u00e4sittelyyn, hoitotoimenpiteisiin ja kuljetettavana olemiseen.&nbsp;<\/p>\n\n\n<p style=\"text-align: center;\"><a href=\"https:\/\/virtuaalihevoset.net\/virtuaalihevoset\/hevonen\/VH24-031-0311\">VH24-031-0311<\/a><br>\n<strong>Omistaja:<\/strong> Kerkko Kuparinen (VRL-12757)<br>\n<strong>\nKasvattaja:<\/strong> Irene Raine,&nbsp;<a href=\"https:\/\/vratsastuskeskus.altervista.org\/luso\/\">STALL LUS\u00d6<\/a>&nbsp;(AX)<\/p>\n<p style=\"text-align: center;\"><br><\/p>\n\n\n\n<p style=\"text-align: center;\">Masin ratsukoulutus alkaa 3-vuotiaana<\/p>\n\n\n\n<p style=\"text-align: center;\"><a href=\"https:\/\/salaovi.net\/horses\/category\/paivakirjamerkinta\/masin-paivakirja\/\">Masin p\u00e4iv\u00e4kirja<\/a><\/p>\n\n\n\n<p style=\"text-align: center;\"><em>Ei viel\u00e4 palkintoja<\/em><\/p>\n\n\n\n\n\n\n\n\n\n\n\n\n<h3>SUkU<\/h3>\n\n\n<p>i. <a href=\"https:\/\/vratsastuskeskus.altervista.org\/h\/fwb\/indian-camouflage\/\">Indian Camouflage<\/a><\/p>\n\n\n<p>ii. <a href=\"https:\/\/minnn-is.weebly.com\/camofair-s.html\">Camofair S<\/a><\/p>\n<p>ie. <a href=\"https:\/\/minnn-is.weebly.com\/indian-vegas.html\">Indiana Vegas<\/a><\/p>\n\n\n<p>iii.&nbsp; <a href=\"http:\/\/stiernborg.weebly.com\/cookie-daugh-km.html\">Coockie Daugh KM<\/a><\/p>\n<p>iie. <a href=\"http:\/\/ndcmemo.weebly.com\/ndc-vanity-fair.html\">NDC Vanity Fair<\/a><\/p>\n<p>iei.&nbsp;<a href=\"http:\/\/heffalumps.net\/vegas\/hev\/flyingdutchman.php\">Flying Dutchman LOCK<\/a><\/p>\n<p>iee. <a href=\"http:\/\/heffalumps.net\/vegas\/hev\/charlotte.php\">Silverlode Charlotte<\/a><\/p>\n\n\n\n\n<p>e. <a href=\"https:\/\/vratsastuskeskus.altervista.org\/h\/fwb\/nyala-rr\/\">Nyala RR<\/a><\/p>\n\n\n<p style=\"text-align: left;\">ei.&nbsp;<a href=\"kristallijumala.net\/yorca\/hevoset\/senorsambarr.html\">Se\u00f1or Samba RR<\/a> <br \/>\n<span style=\"font-size: x-small;\">YLA2, ERJ-I, KRJ-III, KERJ-II<\/span><\/p>\n<p>ee. <a href=\"http:\/\/kristallijumala.net\/zur\/hevoset\/qianaringxx.html\">Qiana Ring xx<\/a><br>\n<span style=\"font-size:x-small;\">YLA1, KRJ-I, KERJ-II<\/span><\/p>\n\n\n<p>eii.&nbsp;<a href=\"http:\/\/nukkuvathepat.blogspot.com\/2017\/04\/senor-sweden-g.html\">Se\u00f1or Sweden G<\/a><br \/>\n<span style=\"font-size:x-small;\">YLA1, ERJ-II, KRJ-III<\/span><\/p>\n<p>eie. <a href=\"http:\/\/www.kristallijumala.net\/yorca\/hevoset\/zombiedance.html\">Zombie Dance<\/a>&nbsp;<br \/>\n<span style=\"font-size:x-small;\">YLA2, ERJ-III, KRJ-III<\/span><\/p>\n<p>eei. <a href=\"https:\/\/web.archive.org\/web\/20170221195436\/http:\/\/sring.ciki.me\/burlesc.html\">Burlesc Ring xx<\/a><br \/><span style=\"font-size:x-small;\">ERJ-II, KRJ-I, MEJ-III, YLA2, XLA-I, Class I<\/span><\/p>\n<p>eee. <a href=\"https:\/\/web.archive.org\/web\/20170515112119\/http:\/\/sring.webs.com\/celia.htm\">Celia Ring xx<\/a><br \/><\/p><span style=\"font-size:x-small;\">KTK-III, ERL-II, KERJ-I,MEJ-III, XLA-II, YLA2,Class I<\/span>\n\n\n\n\nMasin suku on n. 4-polvinen  sis\u00e4lt\u00e4en p\u00e4\u00e4asiassa yleis- ja kentt\u00e4ratsastuspainoitteisia hevosia. Suvun edustajien parhaimpiin ominaisuuksiin kuuluu nopeus, rohkeus ja \u00e4lykkyys. Masin is\u00e4linja on l\u00e4ht\u00f6isin ruotsalaisista virtuaalihevosista. Em\u00e4n puolelta l\u00f6ytyy useita laatuarvosteluissa palkittuja Oresaman ja Special Ringin kasvatteja.\n\n\n<h6 style=\"color: rgb(0, 0, 0);\">J\u00e4lkel\u00e4iset<\/h6>\n\nEi viel\u00e4 j\u00e4lkel\u00e4isi\u00e4\n\n\n\n\n\n\n\nMuut palkitut sukulaiset:<br \/>\neiie. <a href=\"https:\/\/nukkuvathepat.blogspot.com\/2015\/03\/agata-jewel-yla2-erj-ii-krj-iv-erl-iii.html\">Agata Jewel<\/a> (YLA2, ERJ-II, KRJ-IV, ERL-III)<br \/>\n\neiee. <a href=\"http:\/\/web.archive.org\/web\/20150318070653\/http:\/\/remukyla.webs.com\/goodis.htm\">Good Try<\/a> (ERJ-II, SPL-III)<br \/>\neeii. <a href=\"https:\/\/web.archive.org\/web\/20200523204302\/https:\/\/sring.webs.com\/john.htm\">John D. Rocker xx<\/a> (KERJ-I, MEJ-II, KRJ-II, ERJ-II,\nYLA2, XLA-I, Class I)<br \/>\neeie. <a href=\"https:\/\/web.archive.org\/web\/20170221195457\/http:\/\/www.sring.ciki.me\/blown.html\">Blown It Again xx<\/a> (KTK-III, ERJ-II, MEJ-III, YLA2,\nXLA-I, Class I)<br \/>\neeei. <a href=\"https:\/\/web.archive.org\/web\/20170515112119\/http:\/\/sring.webs.com\/ludwig.htm\">Ludwig van Drake xx<\/a> (ERJ-II, KRJ-II, YLA2, XLA-I, Class I)<br \/>\neeee. <a href=\"https:\/\/web.archive.org\/web\/20170515112119\/http:\/\/sring.webs.com\/ego.htm\">Inflate My Ego xx<\/a> (VIR MVA Ch, KTK-III, ERJ-I, KERJ-II, MEJ-II, YLA2, XLA-I, Klass I)<br \/>\n\n\n\n\n\n<h3>Kilpailut ja tapahtumat<\/h3>\n\n\n\n\n<p>5.11.2022 &#8211; <a href=\"https:\/\/pikselit.net\/ilvessuo\/\/t\/naytharj1.html\">Ilvessuo<\/a> &#8211; n\u00e4yttelyharjoitus <\/p>\n<p>Masin kanssa harjoiteltiin ihmisten ilmoilla k\u00e4ytt\u00e4ytymist\u00e4 Ilvessuon n\u00e4yttelyharjoituksissa. Vaikka paikan p\u00e4\u00e4ll\u00e4 ei jaettukaan sijoituksia,&nbsp; oli Masin suoritus mielest\u00e4ni ihan huippuluokkaa. Toki uteliasta varsaa kiinnosti kaikki, mit\u00e4 ymp\u00e4rill\u00e4 tapahtui, mutta onneksi orin olemus tuntui tehneen tuomariin hyv\u00e4n vaikutuksen.<\/p>\n<p><em>&#8221;Komea varsa, joka esiintyi keh\u00e4ss\u00e4 hyvin rohkeasti ja p\u00e4\u00e4osin tottelevaisesti, vaikka keskittyminen v\u00e4lill\u00e4 lipsuikin vuoroa odottaneisiin muihin varsoihin. Hyv\u00e4 yliastunta sek\u00e4 k\u00e4ynniss\u00e4 ett\u00e4 ravissa, tarvitsisi v\u00e4h\u00e4n lis\u00e4\u00e4 eteenp\u00e4inpyrkimyst\u00e4 erityisesti k\u00e4yntiin. Mukavan hyv\u00e4k\u00e4yt\u00f6ksinen nuori ja kokonaisuutena miellytt\u00e4v\u00e4 arvosteltava. Potentiaalisen oloinen varsa, josta todenn\u00e4k\u00f6isesti kasvaa mukava kilpa- tai harrastuskumppani lajiin kuin lajiin.&#8221;<\/em><br><\/p>\n\n\n\n\n\n\nMasin seuraavana tavoitteena on osallistua varsalaatuarvosteluihin.\n\n\n<h6 style=\"color: rgb(0, 0, 0);\">Koulutustaso<\/h6>\n\nKouluratsastus:\nEsteratsastus:\nKentt\u00e4ratsastus:\n\n\n\n\n\n\n\n\n\n\n","protected":false},"excerpt":{"rendered":"","protected":false},"author":1,"featured_media":0,"parent":154,"menu_order":0,"comment_status":"closed","ping_status":"closed","template":"","meta":{"footnotes":""},"class_list":["post-71","page","type-page","status-publish","hentry"],"_links":{"self":[{"href":"https:\/\/salaovi.net\/horses\/wp-json\/wp\/v2\/pages\/71","targetHints":{"allow":["GET"]}}],"collection":[{"href":"https:\/\/salaovi.net\/horses\/wp-json\/wp\/v2\/pages"}],"about":[{"href":"https:\/\/salaovi.net\/horses\/wp-json\/wp\/v2\/types\/page"}],"author":[{"embeddable":true,"href":"https:\/\/salaovi.net\/horses\/wp-json\/wp\/v2\/users\/1"}],"replies":[{"embeddable":true,"href":"https:\/\/salaovi.net\/horses\/wp-json\/wp\/v2\/comments?post=71"}],"version-history":[{"count":55,"href":"https:\/\/salaovi.net\/horses\/wp-json\/wp\/v2\/pages\/71\/revisions"}],"predecessor-version":[{"id":263,"href":"https:\/\/salaovi.net\/horses\/wp-json\/wp\/v2\/pages\/71\/revisions\/263"}],"up":[{"embeddable":true,"href":"https:\/\/salaovi.net\/horses\/wp-json\/wp\/v2\/pages\/154"}],"wp:attachment":[{"href":"https:\/\/salaovi.net\/horses\/wp-json\/wp\/v2\/media?parent=71"}],"curies":[{"name":"wp","href":"https:\/\/api.w.org\/{rel}","templated":true}]}}